 v**3 - 10*v**2 + 12*v - 6. Let x be f(9). Suppose -5*n + 2*n + x = 0. Calculate the highest common factor of n and 14.
7
Let z = -129 - -164. What is the greatest common divisor of 245 and z?
35
Suppose 0 = -2*w + 2*o - o + 87, -5*w + 255 = 5*o. Let h(x) = x**2 + 69. Let s be h(0). What is the highest common factor of s and w?
23
Let c = 35 - 24. Suppose 42 = -2*v + 22. Let z(b) = 2*b**2 + 21*b + 21. Let x be z(v). What is the highest common factor of c and x?
11
Suppose 4*p = 2*w - 8, 4*w = 6*w - 3*p - 11. Calculate the highest common divisor of w and 50.
10
Let r(u) = -u + 5. Let p be r(-20). What is the highest common factor of p and 100?
25
Let o be (216/48)/((-2)/(-12)). Let y = o + -7. What is the highest common factor of y and 5?
5
Let q(o) = 7*o**2 - 12*o - 16. Let x be q(-2). What is the highest common factor of 16 and x?
4
Suppose 3*j = o - 21, 5*o + 21 = -3*j + 2*o. Let u be j/(1/2*-2). Suppose u*m = 4*m + 90. What is the highest common divisor of m and 30?
30
Suppose 4*u - 19 = 41. Let w = 23 - u. Suppose -8*z + 127 = -321. What is the greatest common divisor of w and z?
8
Let c be (5 - (-116)/(-20))/(2/(-150)). What is the greatest common divisor of c and 40?
20
Let b(l) = -l**3 + 8*l**2 - 3*l - 18. Let g be b(7). Calculate the highest common divisor of 970 and g.
10
Let d(c) = 70*c**2 + 904*c - 42. Let h be d(-13). Let v = 6 - -6. What is the greatest common factor of h and v?
12
Suppose -5*x = r - 341, 3*x - 139 = x - 3*r. What is the greatest common factor of 12 and x?
4
Let z = 908 - 864. Calculate the highest common factor of z and 253.
11
Let s(g) = -2*g + 29. Let p be s(9). Let t be (2 - 90)/(2*1/(-2)). Calculate the highest common divisor of p and t.
11
Let q be 27/6*(-520)/(-78). Suppose 5*b + 0*b - 20 = 0. Suppose -12 = b*w - 36. Calculate the highest common factor of q and w.
6
Let r = 66 - 33. Let x be (0 + -2)/((-14)/105). Let g be (-2)/10 + 333/x. Calculate the greatest common divisor of r and g.
11
Let v = -211 + 229. What is the greatest common factor of v and 414?
18
Suppose 0 = -10*q + 13*q - 198. What is the highest common divisor of 6 and q?
6
Let o(l) = 29*l - 3*l**2 + 9 + 11*l**2 + 0*l**2 - 4*l**2. Let x be o(-7). Calculate the greatest common divisor of x and 6.
2
Let h(p) = 36*p - 14. Let y be h(1). What is the greatest common factor of 88 and y?
22
Suppose 4*s - 877 = 467. Let l = s - 147. What is the greatest common divisor of l and 27?
27
Let p be (420/75)/((-2)/(-45)). Let y be (567/p)/(-1 + 23/22). Calculate the highest common factor of 22 and y.
11
Let r = 258 - 444. Let m be (-1)/4 + r/(-8). Let p be 165/7 - (-1)/((-56)/32). What is the greatest common factor of p and m?
23
Let z = -2 + 2. Suppose 8*v - 3*v - 2*a = 114, z = -5*v - 3*a + 129. Suppose 1 = 2*p - 15. What is the highest common factor of p and v?
8
Let l = 421 + -411. Let p be -16 + (0 - 2/(-2)). Let g = p + 25. What is the greatest common factor of g and l?
10
Let n be (-16)/(-10)*(68 + 3 + -6). What is the greatest common factor of n and 13?
13
Let b = -18004 + 18157. Let v = -19 + 36. What is the greatest common divisor of v and b?
17
Suppose 0 = -2*f - 354 + 374. What is the greatest common factor of 160 and f?
10
Suppose 5*a = -3*u + 3345, -5*a = -a + u - 2676. Let g be (-1)/(-7) - a/(-21). Let p(h) = -h + 1. Let b be p(-3). What is the greatest common factor of g and b?
4
Let o = 309 + -99. What is the highest common factor of o and 56?
14
Suppose 0*n + 4 = 2*n. Let l(k) = 2*k**3 - 1. Let a be l(n). Let z(c) = c**2 - 5*c + 6. Let p be z(5). Calculate the greatest common divisor of p and a.
3
Let c be 4 + ((-1788)/(-3))/1. Suppose 2*l - 4*l + 4*x = -258, x + c = 5*l. Let z be (-131)/(-7) - (-34)/l. What is the highest common factor of 209 and z?
19
Let v(f) = 31*f + 33*f - 97*f + 31*f + 156*f**2 - 2. Let a be v(-1). Calculate the highest common factor of 52 and a.
52
Let a be (-20)/(-8)*(6 - 4). Suppose -2*r + 7*r - 90 = 0. Let l be a/(10/r) + -1. What is the highest common factor of 8 and l?
8
Let f = 28 - 21. Let t(u) = u - 198. Let w be t(0). Let i = -135 - w. What is the greatest common factor of f and i?
7
Let b(i) = 5*i + 27. Let d be b(-5). Let y be (-4)/(-16)*610 - d/(-4). What is the greatest common divisor of y and 9?
9
Let x(i) = 3*i**2 + 4*i + 1. Let l be x(-2). Let n(o) = 9*o - 3. Let p be n(l). Let z = 5 + 16. What is the highest common divisor of z and p?
21
Suppose -2*y + 0*c - 3*c = -21, -5*y - 5*c + 55 = 0. Suppose 2*p - 251 = 13. Calculate the greatest common divisor of y and p.
12
Let j(o) = -o**2 + 13*o + 21. Let k be j(15). Let l be (-7)/(-9) - 2/k. Let f be 60 - (1 + l - 5). Calculate the highest common divisor of 7 and f.
7
Suppose -6*d - d - d = 0. Suppose d*c - 5*c + 210 = 0. What is the greatest common divisor of c and 3?
3
Let w = 155 - -55. Suppose -10 = -5*a + w. Calculate the greatest common divisor of a and 4.
4
Suppose 23*v = -v + 216. Calculate the greatest common divisor of 36 and v.
9
Let t = -23 - -16. Let h be ((-4)/t)/((-8)/(-28)). Let g = -5 + 10. Calculate the highest common divisor of g and h.
1
Let h(t) = -2*t + 7. Let i be h(8). Let q = i - -17. Suppose 4*w + 6*p = p + 23, -3*w - 5*p + 11 = 0. Calculate the greatest common divisor of w and q.
4
Let r be -3 + -4 + 3 + 253 + -6. Calculate the greatest common divisor of 45 and r.
9
Let m be 28/(-7) + (0 - 0). Let d = 12 + m. Calculate the highest common divisor of d and 80.
8
Let i = 5 - -5. Suppose -42*l + 44*l = 160. What is the highest common factor of i and l?
10
Suppose -4*m + 0*v - 3*v + 46 = 0, -m + 23 = -5*v. Let h(g) = 11*g - 5 + 16*g - 3*g. Let c be h(4). Calculate the highest common divisor of c and m.
13
Let t(j) be the second derivative of -4*j**3/3 + 35*j**2 - 21*j. Let b be t(-16). Calculate the highest common divisor of b and 18.
18
Suppose -4*l + 4 = 0, -6*o = -o + 2*l - 252. Let t = 59 - o. Let z = -25 + 52. Calculate the greatest common factor of z and t.
9
Let b = -614 + 974. Calculate the highest common divisor of 45 and b.
45
Let h be -14*(-7 + 3)/((-8)/(-8)). What is the highest common factor of h and 952?
56
Suppose -2*z = -306 + 18. Suppose -7*w + 39 = -87. What is the greatest common divisor of w and z?
18
Let l be (2 - 1)/(1/21). Suppose 0 = 8*q - 4*q - 12. Suppose 5*k - 5*t = 850, 0*k + 3*t - 498 = -q*k. Calculate the greatest common divisor of l and k.
21
Suppose -4*k + 3 = -3*k. Suppose 2*w - 35 + k = 5*c, -4*w - 3*c = -90. Calculate the greatest common divisor of 21 and w.
21
Let p = 1256 + -1228. Calculate the highest common factor of 35 and p.
7
Suppose 6 = -4*t + 7*t. Suppose 2*w = -t*w + 16. Let r = 7 - w. What is the highest common divisor of 3 and r?
3
Let y be (-4)/(-9) + -4*(-172)/72. What is the greatest common factor of 65 and y?
5
Let g = -32 + 74. Let q be 99/(1/((-8)/(-12))). Let m = q - g. What is the highest common factor of 264 and m?
24
Suppose -68*v + 935 = -57*v. What is the greatest common divisor of 34 and v?
17
Let o = -46 - -57. Let a = o + -5. Let s(j) = 3*j**3 - j**2 - 5*j + 3. Let w be s(3). What is the highest common divisor of w and a?
6
Let h(m) = -2*m - 2. Let a be h(-5). Let p be (315/(-6))/((-4)/a). What is the highest common divisor of p and 15?
15
Suppose -p = 3*p - 24. Let o be -1 + 4/(-2) - -31. Suppose -5*b = -2*q + o, b - 1 = 2*q - 13. Calculate the greatest common factor of q and p.
2
Let x(p) = -p**3 - 12*p**2 - 17*p - 15. Let m be x(-11). What is the highest common factor of 204 and m?
51
Let i(t) = 5*t**2 - 29*t + 9. Let o be i(7). Calculate the highest common factor of 357 and o.
51
Let d(p) = 3*p + 4 - 2*p - 2*p. Let q be (-5)/((-1)/(-4)*2). Let n be d(q). What is the greatest common divisor of 154 and n?
14
Let l be ((-52)/(-12))/(2/54). Let n(r) = -2*r**2 + 15*r - 5. Let f be n(6). What is the greatest common divisor of f and l?
13
Let d(r) = r**2 - 3*r - 1. Let m be d(7). Suppose -5*c - 20 = 0, 0*q = -2*q - 4*c - 10. Calculate the highest common factor of m and q.
3
Let g be (-1)/((-1)/56) - 2. Suppose -4*n - 3*w = -8*w - 547, n - 124 = -3*w. Suppose 8*r - n - 83 = 0. Calculate the greatest common divisor of g and r.
27
Suppose -o = -0*o - 4*r - 32, 3*r - 15 = 0. Let z be (-6 + o/8)*(1 + 1). What is the greatest common factor of z and 1?
1
Let v be (-48)/28 - (